[INFO] cloning repository https://github.com/amgarrett09/ViHex
[INFO] running `Command { std: "git" "-c" "credential.helper=" "-c" "credential.helper=/workspace/cargo-home/bin/git-credential-null" "clone" "--bare" "https://github.com/amgarrett09/ViHex" "/workspace/cache/git-repos/https%3A%2F%2Fgithub.com%2Famgarrett09%2FViHex", kill_on_drop: false }`
[INFO] [stderr] Cloning into bare repository '/workspace/cache/git-repos/https%3A%2F%2Fgithub.com%2Famgarrett09%2FViHex'...
[INFO] running `Command { std: "git" "rev-parse" "HEAD", kill_on_drop: false }`
[INFO] [stdout] 4c172a98947e5de716b9920ee4f86e3e73cad1e2
[INFO] checking amgarrett09/ViHex against try#72f88fc4e9458f89516a0b8b0868f3718aec5b47 for pr-74989
[INFO] running `Command { std: "git" "clone" "/workspace/cache/git-repos/https%3A%2F%2Fgithub.com%2Famgarrett09%2FViHex" "/workspace/builds/worker-6/source", kill_on_drop: false }`
[INFO] [stderr] Cloning into '/workspace/builds/worker-6/source'...
[INFO] [stderr] done.
[INFO] validating manifest of git repo https://github.com/amgarrett09/ViHex on toolchain 72f88fc4e9458f89516a0b8b0868f3718aec5b47
[INFO] running `Command { std: "/workspace/cargo-home/bin/cargo" "+72f88fc4e9458f89516a0b8b0868f3718aec5b47" "read-manifest" "--manifest-path" "Cargo.toml", kill_on_drop: false }`
[INFO] started tweaking git repo https://github.com/amgarrett09/ViHex
[INFO] removed path dependency cursive from git repo https://github.com/amgarrett09/ViHex
[INFO] finished tweaking git repo https://github.com/amgarrett09/ViHex
[INFO] tweaked toml for git repo https://github.com/amgarrett09/ViHex written to /workspace/builds/worker-6/source/Cargo.toml
[INFO] crate git repo https://github.com/amgarrett09/ViHex already has a lockfile, it will not be regenerated
[INFO] running `Command { std: "/workspace/cargo-home/bin/cargo" "+72f88fc4e9458f89516a0b8b0868f3718aec5b47" "fetch" "--locked" "--manifest-path" "Cargo.toml", kill_on_drop: false }`
[INFO] [stderr] warning: dependency (cursive) specified without providing a local path, Git repository, or version to use. This will be considered an error in future versions
[INFO] [stderr]     Blocking waiting for file lock on package cache
[INFO] [stderr]     Updating crates.io index
[INFO] [stderr] error: the lock file /workspace/builds/worker-6/source/Cargo.lock needs to be updated but --locked was passed to prevent this
[INFO] [stderr] If you want to try to generate the lock file without accessing the network, use the --offline flag.
[INFO] the lockfile is outdated, regenerating it
[INFO] running `Command { std: "/workspace/cargo-home/bin/cargo" "+72f88fc4e9458f89516a0b8b0868f3718aec5b47" "generate-lockfile" "--manifest-path" "Cargo.toml" "-Zno-index-update", kill_on_drop: false }`
[INFO] running `Command { std: "/workspace/cargo-home/bin/cargo" "+72f88fc4e9458f89516a0b8b0868f3718aec5b47" "fetch" "--locked" "--manifest-path" "Cargo.toml", kill_on_drop: false }`
[INFO] [stderr] warning: dependency (cursive) specified without providing a local path, Git repository, or version to use. This will be considered an error in future versions
[INFO] [stderr]  Downloading crates ...
[INFO] [stderr]   Downloaded enum-map v0.6.3
[INFO] [stderr]   Downloaded ahash v0.4.5
[INFO] running `Command { std: "docker" "create" "-v" "/var/lib/crater-agent-workspace/builds/worker-6/target:/opt/rustwide/target:rw,Z" "-v" "/var/lib/crater-agent-workspace/builds/worker-6/source:/opt/rustwide/workdir:ro,Z" "-v" "/var/lib/crater-agent-workspace/cargo-home:/opt/rustwide/cargo-home:ro,Z" "-v" "/var/lib/crater-agent-workspace/rustup-home:/opt/rustwide/rustup-home:ro,Z" "-e" "SOURCE_DIR=/opt/rustwide/workdir" "-e" "CARGO_TARGET_DIR=/opt/rustwide/target" "-e" "CARGO_HOME=/opt/rustwide/cargo-home" "-e" "RUSTUP_HOME=/opt/rustwide/rustup-home" "-w" "/opt/rustwide/workdir" "-m" "1610612736" "--user" "0:0" "--network" "none" "rustops/crates-build-env@sha256:d92eaeed33fa75130ca1ee6c8a01d1ffb62bac859dfdfb3450e3e5d1c0146529" "/opt/rustwide/cargo-home/bin/cargo" "+72f88fc4e9458f89516a0b8b0868f3718aec5b47" "metadata" "--no-deps" "--format-version=1", kill_on_drop: false }`
[INFO] [stdout] b82f3451c7ea057c4749308fe2495ab59695f1b358e83e8d4c4608f107885c7a
[INFO] [stderr] WARNING: Your kernel does not support swap limit capabilities or the cgroup is not mounted. Memory limited without swap.
[INFO] running `Command { std: "docker" "start" "-a" "b82f3451c7ea057c4749308fe2495ab59695f1b358e83e8d4c4608f107885c7a", kill_on_drop: false }`
[INFO] running `Command { std: "docker" "inspect" "b82f3451c7ea057c4749308fe2495ab59695f1b358e83e8d4c4608f107885c7a", kill_on_drop: false }`
[INFO] running `Command { std: "docker" "rm" "-f" "b82f3451c7ea057c4749308fe2495ab59695f1b358e83e8d4c4608f107885c7a", kill_on_drop: false }`
[INFO] [stdout] b82f3451c7ea057c4749308fe2495ab59695f1b358e83e8d4c4608f107885c7a
[INFO] running `Command { std: "docker" "create" "-v" "/var/lib/crater-agent-workspace/builds/worker-6/target:/opt/rustwide/target:rw,Z" "-v" "/var/lib/crater-agent-workspace/builds/worker-6/source:/opt/rustwide/workdir:ro,Z" "-v" "/var/lib/crater-agent-workspace/cargo-home:/opt/rustwide/cargo-home:ro,Z" "-v" "/var/lib/crater-agent-workspace/rustup-home:/opt/rustwide/rustup-home:ro,Z" "-e" "SOURCE_DIR=/opt/rustwide/workdir" "-e" "CARGO_TARGET_DIR=/opt/rustwide/target" "-e" "CARGO_INCREMENTAL=0" "-e" "RUST_BACKTRACE=full" "-e" "RUSTFLAGS=--cap-lints=forbid" "-e" "CARGO_HOME=/opt/rustwide/cargo-home" "-e" "RUSTUP_HOME=/opt/rustwide/rustup-home" "-w" "/opt/rustwide/workdir" "-m" "1610612736" "--user" "0:0" "--network" "none" "rustops/crates-build-env@sha256:d92eaeed33fa75130ca1ee6c8a01d1ffb62bac859dfdfb3450e3e5d1c0146529" "/opt/rustwide/cargo-home/bin/cargo" "+72f88fc4e9458f89516a0b8b0868f3718aec5b47" "check" "--frozen" "--all" "--all-targets" "--message-format=json", kill_on_drop: false }`
[INFO] [stdout] da900942e3a7f3aefc002d65f10cdd967ec75186d4e8d41300afcc944dc0dd3a
[INFO] [stderr] WARNING: Your kernel does not support swap limit capabilities or the cgroup is not mounted. Memory limited without swap.
[INFO] running `Command { std: "docker" "start" "-a" "da900942e3a7f3aefc002d65f10cdd967ec75186d4e8d41300afcc944dc0dd3a", kill_on_drop: false }`
[INFO] [stderr] warning: dependency (cursive) specified without providing a local path, Git repository, or version to use. This will be considered an error in future versions
[INFO] [stderr]    Compiling autocfg v1.0.1
[INFO] [stderr]    Compiling libc v0.2.77
[INFO] [stderr]    Compiling proc-macro2 v1.0.21
[INFO] [stderr]    Compiling unicode-xid v0.2.1
[INFO] [stderr]    Compiling getrandom v0.1.15
[INFO] [stderr]    Compiling ident_case v1.0.1
[INFO] [stderr]    Compiling fnv v1.0.7
[INFO] [stderr]    Compiling cfg-if v0.1.10
[INFO] [stderr]    Compiling strsim v0.9.3
[INFO] [stderr]    Compiling proc-macro-hack v0.5.18
[INFO] [stderr]    Compiling maybe-uninit v2.0.0
[INFO] [stderr]     Checking lazy_static v1.4.0
[INFO] [stderr]    Compiling log v0.4.11
[INFO] [stderr]     Checking stable_deref_trait v1.2.0
[INFO] [stderr]     Checking array-macro v1.0.5
[INFO] [stderr]     Checking unicode-width v0.1.8
[INFO] [stderr]     Checking maplit v1.0.2
[INFO] [stderr]    Compiling ncurses v5.99.0
[INFO] [stderr]     Checking owning_ref v0.4.1
[INFO] [stderr]    Compiling num-traits v0.2.12
[INFO] [stderr]    Compiling num-integer v0.1.43
[INFO] [stderr]    Compiling crossbeam-utils v0.7.2
[INFO] [stderr]    Compiling num-rational v0.3.0
[INFO] [stderr]    Compiling num-iter v0.1.41
[INFO] [stderr]    Compiling quote v1.0.7
[INFO] [stderr]    Compiling syn v1.0.40
[INFO] [stderr]     Checking time v0.1.44
[INFO] [stderr]     Checking signal-hook-registry v1.2.1
[INFO] [stderr]     Checking term_size v0.3.2
[INFO] [stderr]     Checking crossbeam-channel v0.4.4
[INFO] [stderr]     Checking signal-hook v0.1.16
[INFO] [stderr]    Compiling const-random-macro v0.1.8
[INFO] [stderr]     Checking num-complex v0.3.0
[INFO] [stderr]     Checking chrono v0.4.15
[INFO] [stderr]     Checking const-random v0.1.8
[INFO] [stderr]     Checking ahash v0.4.5
[INFO] [stderr]     Checking ahash v0.3.8
[INFO] [stderr]     Checking num v0.3.0
[INFO] [stderr]    Compiling darling_core v0.10.2
[INFO] [stderr]    Compiling enum-map-derive v0.4.3
[INFO] [stderr]    Compiling darling_macro v0.10.2
[INFO] [stderr]     Checking enum-map v0.6.3
[INFO] [stderr]    Compiling darling v0.10.2
[INFO] [stderr]    Compiling enumset_derive v0.5.0
[INFO] [stderr]     Checking enumset v1.0.1
[INFO] [stderr]     Checking cursive_core v0.1.1
[INFO] [stderr]     Checking cursive v0.15.0
[INFO] [stderr]     Checking vi_hex v0.1.0 (/opt/rustwide/workdir)
[INFO] [stdout] error[E0432]: unresolved import `cursive::views::HexArea`
[INFO] [stdout]   --> src/main.rs:13:40
[INFO] [stdout]    |
[INFO] [stdout] 13 | use cursive::views::{Dialog, EditView, HexArea, LinearLayout, TextView};
[INFO] [stdout]    |                                        ^^^^^^^
[INFO] [stdout]    |                                        |
[INFO] [stdout]    |                                        no `HexArea` in `views`
[INFO] [stdout]    |                                        help: a similar name exists in the module: `TextArea`
[INFO] [stdout] 
[INFO] [stdout] 
[INFO] [stdout] error[E0432]: unresolved import `cursive::views::HexArea`
[INFO] [stdout]   --> src/main.rs:13:40
[INFO] [stdout]    |
[INFO] [stdout] 13 | use cursive::views::{Dialog, EditView, HexArea, LinearLayout, TextView};
[INFO] [stdout]    |                                        ^^^^^^^
[INFO] [stdout]    |                                        |
[INFO] [stdout]    |                                        no `HexArea` in `views`
[INFO] [stdout]    |                                        help: a similar name exists in the module: `TextArea`
[INFO] [stdout] 
[INFO] [stdout] 
[INFO] [stdout] error[E0599]: no function or associated item named `ncurses` found for struct `Cursive` in the current scope
[INFO] [stdout]   --> src/main.rs:40:28
[INFO] [stdout]    |
[INFO] [stdout] 40 |     let mut siv = Cursive::ncurses().expect("Failed to create a Cursive root.");
[INFO] [stdout]    |                            ^^^^^^^ function or associated item not found in `Cursive`
[INFO] [stdout]    |
[INFO] [stdout]    = help: items from traits can only be used if the trait is in scope
[INFO] [stdout] help: the following trait is implemented but not in scope; perhaps add a `use` for it:
[INFO] [stdout]    |
[INFO] [stdout] 5  | use cursive::CursiveExt;
[INFO] [stdout]    |
[INFO] [stdout] 
[INFO] [stdout] 
[INFO] [stdout] warning: use of deprecated associated function `cursive::Cursive::find_id`: `find_id` is being renamed to `find_name`
[INFO] [stdout]   --> src/main.rs:89:18
[INFO] [stdout]    |
[INFO] [stdout] 89 |                 .find_id::<HexArea>(HEX_AREA_ID)
[INFO] [stdout]    |                  ^^^^^^^
[INFO] [stdout]    |
[INFO] [stdout]    = note: `#[warn(deprecated)]` on by default
[INFO] [stdout] 
[INFO] [stdout] 
[INFO] [stdout] error[E0599]: no function or associated item named `ncurses` found for struct `Cursive` in the current scope
[INFO] [stdout]   --> src/main.rs:40:28
[INFO] [stdout]    |
[INFO] [stdout] 40 |     let mut siv = Cursive::ncurses().expect("Failed to create a Cursive root.");
[INFO] [stdout]    |                            ^^^^^^^ function or associated item not found in `Cursive`
[INFO] [stdout]    |
[INFO] [stdout]    = help: items from traits can only be used if the trait is in scope
[INFO] [stdout] help: the following trait is implemented but not in scope; perhaps add a `use` for it:
[INFO] [stdout]    |
[INFO] [stdout] 5  | use cursive::CursiveExt;
[INFO] [stdout]    |
[INFO] [stdout] 
[INFO] [stdout] 
[INFO] [stdout] warning: use of deprecated associated function `cursive::view::Nameable::with_id`: `with_id` is being renamed to `with_name`
[INFO] [stdout]    --> src/main.rs:127:18
[INFO] [stdout]     |
[INFO] [stdout] 127 |                 .with_id(GOTO_ADDRESS_ID),
[INFO] [stdout]     |                  ^^^^^^^
[INFO] [stdout] 
[INFO] [stdout] 
[INFO] [stdout] warning: use of deprecated associated function `cursive::Cursive::call_on_id`: `call_on_id` is being renamed to `call_on_name`
[INFO] [stdout]    --> src/main.rs:132:14
[INFO] [stdout]     |
[INFO] [stdout] 132 |             .call_on_id(GOTO_ADDRESS_ID, |view: &mut EditView| view.get_content())
[INFO] [stdout]     |              ^^^^^^^^^^
[INFO] [stdout] 
[INFO] [stdout] 
[INFO] [stdout] warning: use of deprecated associated function `cursive::Cursive::find_id`: `find_id` is being renamed to `find_name`
[INFO] [stdout]   --> src/main.rs:89:18
[INFO] [stdout]    |
[INFO] [stdout] 89 |                 .find_id::<HexArea>(HEX_AREA_ID)
[INFO] [stdout]    |                  ^^^^^^^
[INFO] [stdout]    |
[INFO] [stdout]    = note: `#[warn(deprecated)]` on by default
[INFO] [stdout] 
[INFO] [stdout] 
[INFO] [stdout] warning: use of deprecated associated function `cursive::Cursive::call_on_id`: `call_on_id` is being renamed to `call_on_name`
[INFO] [stdout]    --> src/main.rs:140:13
[INFO] [stdout]     |
[INFO] [stdout] 140 |         siv.call_on_id(HEX_AREA_ID, |view: &mut HexArea| view.goto(address));
[INFO] [stdout]     |             ^^^^^^^^^^
[INFO] [stdout] 
[INFO] [stdout] 
[INFO] [stdout] warning: use of deprecated associated function `cursive::view::Nameable::with_id`: `with_id` is being renamed to `with_name`
[INFO] [stdout]    --> src/main.rs:127:18
[INFO] [stdout]     |
[INFO] [stdout] 127 |                 .with_id(GOTO_ADDRESS_ID),
[INFO] [stdout]     |                  ^^^^^^^
[INFO] [stdout] 
[INFO] [stdout] 
[INFO] [stdout] warning: use of deprecated associated function `cursive::Cursive::call_on_id`: `call_on_id` is being renamed to `call_on_name`
[INFO] [stdout]    --> src/main.rs:132:14
[INFO] [stdout]     |
[INFO] [stdout] 132 |             .call_on_id(GOTO_ADDRESS_ID, |view: &mut EditView| view.get_content())
[INFO] [stdout]     |              ^^^^^^^^^^
[INFO] [stdout] 
[INFO] [stdout] 
[INFO] [stdout] warning: use of deprecated associated function `cursive::Cursive::call_on_id`: `call_on_id` is being renamed to `call_on_name`
[INFO] [stdout]    --> src/main.rs:140:13
[INFO] [stdout]     |
[INFO] [stdout] 140 |         siv.call_on_id(HEX_AREA_ID, |view: &mut HexArea| view.goto(address));
[INFO] [stdout]     |             ^^^^^^^^^^
[INFO] [stdout] 
[INFO] [stdout] 
[INFO] [stdout] error: aborting due to 2 previous errors; 4 warnings emitted
[INFO] [stdout] 
[INFO] [stdout] 
[INFO] [stdout] Some errors have detailed explanations: E0432, E0599.
[INFO] [stdout] 
[INFO] [stdout] For more information about an error, try `rustc --explain E0432`.
[INFO] [stdout] 
[INFO] [stdout] error: aborting due to 2 previous errors; 4 warnings emitted
[INFO] [stdout] 
[INFO] [stdout] 
[INFO] [stdout] Some errors have detailed explanations: E0432, E0599.
[INFO] [stdout] 
[INFO] [stdout] For more information about an error, try `rustc --explain E0432`.
[INFO] [stdout] 
[INFO] [stderr] error: could not compile `vi_hex`.
[INFO] [stderr] 
[INFO] [stderr] To learn more, run the command again with --verbose.
[INFO] [stderr] warning: build failed, waiting for other jobs to finish...
[INFO] [stderr] error: build failed
[INFO] running `Command { std: "docker" "inspect" "da900942e3a7f3aefc002d65f10cdd967ec75186d4e8d41300afcc944dc0dd3a", kill_on_drop: false }`
[INFO] running `Command { std: "docker" "rm" "-f" "da900942e3a7f3aefc002d65f10cdd967ec75186d4e8d41300afcc944dc0dd3a", kill_on_drop: false }`
[INFO] [stdout] da900942e3a7f3aefc002d65f10cdd967ec75186d4e8d41300afcc944dc0dd3a
